0. Calculate the remainder when p is divided by 16.
14
Suppose 2*m = -4*f + 2152, 2*f - m = 2*m + 1076. Calculate the remainder when f is divided by 77.
76
Let g be 27/6 + 3/(-2). Suppose 4*q + g = -z + 1, -5*z + 32 = -q. Let m = 78 + -61. What is the remainder when m is divided by z?
5
Let m = 0 + 0. Suppose m = 5*v, -2*v + 6*v = 2*t - 54. What is the remainder when t is divided by (24/(-20))/((-3)/35)?
13
Let v(n) = n**3 + 14*n**2 - 9*n + 11. Let f be v(-14). Let j = f - 131. What is the remainder when 21 is divided by j?
3
Suppose 0 = -13*x - 79 + 1. Let n = x + 28. Calculate the remainder when 62 is divided by n.
18
Let w = 48 - 43. Calculate the remainder when 13 is divided by w.
3
Suppose o = 8*o - 203. Let s(a) = -2*a**3 - 5*a**2 + a - 5. Calculate the remainder when s(-5) is divided by o.
28
Let s be 12120/42 + (-8)/14. Suppose -27*n + s = -25*n. Calculate the remainder when n is divided by 29.
28
Let b(r) = -10*r**3 - 7*r**2 - 8*r - 7. Calculate the remainder when 116 is divided by b(-2).
55
Suppose -152 = k - 5*d, -k + 0*d - 140 = -2*d. What is the remainder when (k/9)/(10/(-15)) is divided by 6?
4
Let z = 116 - 77. Suppose -i - 4*y + z = -3*y, y = 2*i - 69. Calculate the remainder when 140 is divided by i.
32
Suppose 3*u - 9 = 5*f + 46, 25 = 4*u + 3*f. Suppose -201 = 7*w - 10*w. Calculate the remainder when w is divided by u.
7
Let z = 139 + 79. What is the remainder when z is divided by 20?
18
Let i(b) = 3*b**2 + 17*b - 8. Calculate the remainder when i(4) is divided by 11.
9
Let u(w) be the first derivative of w**2/2 + 11*w + 1. Let q be u(-6). Suppose q*x - 154 - 356 = 0. What is the remainder when x is divided by 26?
24
Let p(i) = 3*i**2. Let a = 29 - 28. Let t be p(a). Suppose t*h + 12 = 87. What is the remainder when h is divided by 7?
4
Let s be 5/((-25)/10)*-1. Suppose -a - 296 = -p - s*p, -p = -a - 100. Let y(v) = -v**3 + v + 1. What is the remainder when p is divided by y(-3)?
23
Suppose -5*q = 5*z - 262 - 558, 0 = 2*q - 5*z - 328. What is the remainder when q is divided by 49?
17
Suppose -4*q + 7 = -4*g + 67, -2*g + 4*q = -36. Suppose -130*z = 95*z - 1575. Calculate the remainder when g is divided by z.
5
Let a(g) = -g**3 + 7*g**2 + 10*g - 10. Let d be a(8). Let i = d - -3. Let m(q) = 6*q**2 + 3*q - 3. What is the remainder when m(-2) is divided by i?
6
Let p(x) = 14*x - 574. What is the remainder when p(46) is divided by ((-2)/3)/(2/(-36))?
10
Suppose 2882 + 3170 = 34*i. Calculate the remainder when i is divided by 20.
18
Let t = 7 + -2. Suppose 4*m - 5*l - 134 = 0, 4*m = m + t*l + 98. Let z(v) = -v**2 - 23*v - 71. Calculate the remainder when m is divided by z(-5).
17
Calculate the remainder when 3*1 - ((-35)/(-7) - 460) is divided by 21.
17
Let l = -54 + 73. Suppose 27 - 76 = -4*j - 5*b, 3*j - 38 = -5*b. What is the remainder when l is divided by j?
8
Suppose v = 4*w - 33, -w + 3*w + 8 = 0. Let u = v - -112. Let x = -680 - -702. Calculate the remainder when u is divided by x.
19
Let p(k) = -k + 12. Suppose -q = 3*q + 40. Let b be 4/(-5)*75/q. Calculate the remainder when 15 is divided by p(b).
3
Let n(h) = -h**3 + 6*h**2 + 9*h - 1. Let o be n(6). Let p = 114 - o. Calculate the remainder when p is divided by 21.
19
Let o be (8560/24)/(2/(-6)). Calculate the remainder when o/(-12) + 7/(-6) + 1 is divided by 45.
44
Let p(n) = 1. Let g(u) = u**2 + 3*u - 11. Let h(d) = g(d) + p(d). Calculate the remainder when h(-6) is divided by 4.
0
What is the remainder when 473 is divided by (-3)/12 - (-2 + 210/(-8))?
25
Suppose -338 = -3*u + 289. What is the remainder when u is divided by 83?
43
Suppose 4*d + 5*k - 46 = 0, -5*d + 11*k + 47 = 12*k. Suppose -5 = -f + 14. Suppose 4*l - 49 = f. What is the remainder when l is divided by d?
8
Suppose 67 = 3*q + 4*x, 26*x - 31*x + 33 = 2*q. What is the remainder when q is divided by 8?
5
Suppose -7*l + 9*l = -92. Let i = l - -88. Suppose 0 = -0*d - d + 5*p - 9, 5*d = 5*p + 35. Calculate the remainder when i is divided by d.
9
Let v = -6 + 10. Suppose -2*y + w = -44, 4*w = v*y + 9*w - 74. Calculate the remainder when y is divided by 5.
1
Let l(q) = -27*q**2 - 219*q - 4. What is the remainder when 3277 is divided by l(-8)?
17
Let o = -325 + 339. What is the remainder when 66 is divided by o?
10
Calculate the remainder when 32 is divided by (-6)/9 + 0 + (-476)/(-21).
10
Let s = 432 - 230. Suppose s = 3*x + 22. Calculate the remainder when x is divided by 16.
12
Suppose 0 = -p - 2 + 15. Suppose -4*n + p + 15 = 0. Calculate the remainder when 48 is divided by n.
6
What is the remainder when 136 is divided by 11 + (-3 - 8) - (0 + -36)?
28
Let m(n) = 2*n - 2. Calculate the remainder when 176/(-132) + (-386)/(-6) is divided by m(12).
19
Suppose -2*q + 21 + 3 = -4*t, 5*q - 48 = -2*t. Calculate the remainder when 538 is divided by q.
8
Let a = 19 - 20. Calculate the remainder when 85/10 - a/(-2) is divided by 2.
0
Let r = -314 + 378. Calculate the remainder when r is divided by 14.
8
Let w(p) = 40*p - 416. Calculate the remainder when w(27) is divided by 23.
20
Let n = 315 - 313. Let p(y) = y**2 + 5*y + 4. Calculate the remainder when p(-5) is divided by n.
0
Suppose 3*a = -2*i + 83, 3*i = -5*a - 2*i + 135. What is the remainder when a is divided by 4/(-22) + 1701/99?
12
Suppose 347 = 2*u - 2*a - 135, 3*u + 4*a - 709 = 0. Calculate the remainder when u is divided by 65.
44
Suppose -26*b - 36*b + 930 = 0. Calculate the remainder when 16 is divided by b.
1
Suppose c - 85 = -5*r, 3*c = 2*r + 16 + 239. What is the remainder when 240 is divided by c?
70
Suppose 28 = 2*h - 32. Calculate the remainder when (-584)/(-10) - (-1 + (-4)/(-10)) is divided by h.
29
Suppose 4*l - 15 = 5. Suppose 2 + 38 = l*j. Calculate the remainder when j is divided by 3.
2
Let r(t) = -t**2 - t + 153. Suppose -5*u + 16 = -4*u. Calculate the remainder when r(-10) is divided by u.
15
Suppose -3*h - 126 = 2*d, 2*h = -5*d - 2*h - 301. Let m = -186 - -266. Let i = m + d. Calculate the remainder when 45 is divided by i.
22
Let b be (2 - (-22)/(-8))/((-3)/8). Suppose 0 = -b*h + 357 - 89. Calculate the remainder when h is divided by 27.
26
Let g = -1751 - -1783. Calculate the remainder when 155 is divided by g.
27
Calculate the remainder when 5198/34 + (-60)/(-510) is divided by 30.
3
Suppose 2*v - 2*c = 48, 0 = -3*c + 1 - 13. Let h be ((-9)/6)/((-15)/v). Suppose -h*l - 51 = -5*l. What is the remainder when 28 is divided by l?
11
Suppose 5*q + k = 451, -4*q + 97 = -k - 271. What is the remainder when q is divided by 38?
15
Let o = -128 - -148. What is the remainder when 4 is divided by 2 + 5/o*0?
0
Let s = 517 - 471. What is the remainder when 88 is divided by s?
42
Let w be (-5 - -9) + 1 + (-32 - 1). Calculate the remainder when (-15)/6*(w - -2) is divided by 33.
32
Suppose 5*n = 17*n - 600. What is the remainder when 153 is divided by n?
3
Let o(l) = 25*l**2 - l - 1. Let i(f) = -f**2 + 16*f - 19. What is the remainder when o(-2) is divided by i(11)?
29
Let o be 128/5 + (-2)/(-5). Suppose -o = -4*j + 46. Let p = 79 + -44. What is the remainder when p is divided by j?
17
Let h = 27 - 8. What is the remainder when 6923/46 + 2/(-4) is divided by h?
17
Let c = -3459 - -3496. Let j(o) = 3*o - 4. Calculate the remainder when c is divided by j(5).
4
Suppose -121*w + 146*w - 2375 = 0. What is the remainder when w is divided by -3 - -17*(-1)/(-1)?
11
What is the remainder when 66 - (2 + (-12 - -8)) is divided by 47?
21
Let n = 119 + -71. Suppose -3*r + r = -n. Let q = r + -10. What is the remainder when 25 is divided by q?
11
What is the remainder when 141 is divided by (-79 + 34)*(8/5 - 2)?
15
Let t(k) = k**2 + 4*k - 114. What is the remainder when 236 is divided by t(-16)?
2
What is the remainder when 134 is divided by ((-1566)/(-145))/((-3)/5 + 1)?
26
Let r be 4/24 + 70/12. Suppose -4*j - 16 = -r*j. What is the remainder when j is divided by 4?
0
Suppose 4*p + 36 = 4*s, -p + 7 + 0 = 3*s. Let x = p - -36. Suppose -3*m + 44 = m. Calculate the remainder when x is divided by m.
9
Let b = -57 + -32. Let f = b - -126. Calculate the remainder when f is divided by 19.
18
Suppose -2*i + 37 = -47. Let y(k) = -k**3 + 6*k**2 + 7*k + 5. Let o be y(7). Suppose o*t - 16 - 29 = 0. Calculate the remainder when i is divided by t.
6
Suppose -r - 9 = -0. Let 